 f(l) = -l**3 - 59*l**2 - 600*l + 21. Calculate the remainder when f(-46) is divided by m.
18
Calculate the remainder when 928 is divided by (-13776)/(-144) - 42/9.
18
Suppose 38*w = 40*w. Suppose w = 10*x - 2*x - 80. Calculate the remainder when x is divided by 3.
1
Suppose 0*s = -s + 97. Calculate the remainder when s is divided by (-5 - (-57)/15)/(16/(-1160)*1).
10
Let f(x) = 2*x**2 + 12*x - 41. Suppose -3*g - 2*d + 73 = 3*d, 0 = 5*g + d - 107. Let l = -12 + g. What is the remainder when f(-11) is divided by l?
6
What is the remainder when 71 - (-13301)/(-188) - (-1 - 1542/8) is divided by 88?
18
Suppose 5*d - 95 = -5*o, -3*d - 55 = -5*o - 0*d. Suppose -f + 160 = 5*b, -3*f = -2*b - 0*f + 81. Let t = b - o. What is the remainder when 94 is divided by t?
18
Let c(t) = -4*t + 112. Let q be c(-31). Let g = -174 + q. Calculate the remainder when g is divided by 19.
5
Let s(y) = -702*y + 20. Let o be s(-1). Suppose 20*v - 78 = o. Suppose -2*m - 2*m + 624 = 0. Calculate the remainder when m is divided by v.
36
Let a(l) = -11*l + 140. Let d(i) = 11*i - 145. Let z(h) = -3*a(h) - 4*d(h). Calculate the remainder when (43 - 1) + 1*-3 is divided by z(14).
3
Let m(r) = 53*r + 1394. What is the remainder when 4/(-14) + 1444/7 is divided by m(-25)?
68
What is the remainder when 294 is divided by (-12180)/(-770) + 2/11?
6
Let h be ((-459)/255)/(3/10). Calculate the remainder when 2/h + 5193/27 + 5 is divided by 9.
8
Let i = -8339 - -8470. What is the remainder when 399 is divided by i?
6
Suppose 247*i - 274*i + 14958 = 0. What is the remainder when i is divided by 40?
34
Let w(d) = -d**3 - 39*d**2 - 104*d + 176. What is the remainder when (-1 + 0)*-89*1 is divided by w(-36)?
25
Suppose 10*u - 15*u = -3*j + 441, 4*j + 79 = -u. Calculate the remainder when 166 is divided by (-136)/6*u/116.
13
Let f(d) = d**3 + 6*d**2 + 5*d + 3. Let c be f(-5). Let u be 1 - (5 + 244)/c. Let r = -64 - u. What is the remainder when 87 is divided by r?
15
Suppose 23961 = 5*v + 5*m - 16604, -32312 = -4*v + 31*m. What is the remainder when v is divided by 52?
49
Let r = 26 + -16. Let c(m) = m**3 - 8*m**2 + m + 22. Let q be c(8). Suppose -7*a - 3*a = -q. Calculate the remainder when r is divided by a.
1
Let l be ((-42)/(-35))/((-2)/5). Let p = l - -18. What is the remainder when p is divided by (-11)/44*4 - (-10 - 1)?
5
Let b(a) = -a**3 - a**2 + 121*a + 374. Calculate the remainder when 393 is divided by b(-3).
16
Suppose 5*t + 12*f - 1145 = 11*f, 3*t - 679 = f. Calculate the remainder when t is divided by 50.
28
Let v = 243 + -216. What is the remainder when 529 is divided by v?
16
Let o(p) = -p**3 + p**2 - p + 6. Suppose -4*m = -3*n + 43, 1 = 5*m - 2*n + 53. Calculate the remainder when ((-4)/6)/(m/285) is divided by o(0).
1
Let d(l) = -34*l**2 + 1770*l - 54. Calculate the remainder when 3748 is divided by d(52).
48
Suppose 731 + 1096 = 9*f. Let m = f + -121. Let u(w) = -w**3 - 10*w**2 + 14. Calculate the remainder when m is divided by u(-10).
12
Let r = 31491 + -30937. What is the remainder when r is divided by 139?
137
Suppose 15*r = 64 - 4. What is the remainder when -196*(-5 - -3)/r is divided by 45?
8
Let z = -14 - -43. Let k = 2247 + -2237. What is the remainder when z is divided by k?
9
What is the remainder when (20/1 + -191)*(2 - 3) is divided by 9?
0
Suppose 17*d = 19*d + 102. Let m = d + 122. Suppose -23 = -2*c + 13. Calculate the remainder when m is divided by c.
17
Suppose 4*i + 5*j = 63, 16 = i - 5*j - 6. Let h = 19 - i. Calculate the remainder when 72*(h/(-2) - -3) is divided by 29.
28
Let n = -101 - -178. Suppose 0 = -10*s + 21*s - n. What is the remainder when 159 is divided by s?
5
Let f = -429 + 431. Suppose -2*q + c + 38 = -0*q, 0 = 2*q - f*c - 34. What is the remainder when 65 is divided by q?
2
Let l(s) = -5*s + 44. Let j be l(9). Calculate the remainder when 1/((-6)/4)*(-55 - j) is divided by 30.
6
Let n(c) = -5*c - 19. Let w be n(-5). Suppose 5*t - 3*m = -506, -3*m = 2*t - w*m + 206. What is the remainder when ((-6)/5)/(4/t) is divided by 8?
6
Suppose -5*k = -5*r - 640, -388*k = -389*k - r + 136. Calculate the remainder when 543 is divided by k.
15
Suppose 33*s = 3670 - 73. Let z = 163 - 108. What is the remainder when s is divided by z?
54
Let r be 9/(-6)*-4*6/(-36). What is the remainder when 6 - r - 1*-6 is divided by 8?
5
Suppose 108*f = 96*f + 144. Calculate the remainder when 851 is divided by f.
11
Let c = -349 - -359. What is the remainder when 2 + 78/2 + (6 - 9) is divided by c?
8
Suppose -4*b + 60 = 2*r, 105 = 56*r - 54*r - 5*b. What is the remainder when 462 is divided by r?
22
Let l = 30 + -13. Suppose 3*s + 5*f - 48 = -308, 0 = -5*s + 3*f - 490. Let c = s - -127. Calculate the remainder when c is divided by l.
15
Let a = 3898 - 1454. Suppose 25*c - 856 = a. What is the remainder when c is divided by 15?
12
Suppose 831 = 72*r - 3230 + 29. Suppose -196 - 199 = -5*l. Let j = l - r. What is the remainder when j is divided by 13?
10
Suppose 3*p - i = -2*i + 525, 0 = 4*p + 3*i - 700. Suppose -3*x = 19*z - 16*z - 126, -4*x = -3*z - 189. Calculate the remainder when p is divided by x.
40
Suppose 1051*d - 229089 = 1030*d. What is the remainder when d is divided by 16?
13
Suppose -337 - 23 = -5*b. Let h be -5*1*-1*b/(-60). Let n(p) = p**2 - 6*p - 25. Calculate the remainder when 140 is divided by n(h).
46
Let y(a) = 52*a - 105. Let r be y(4). Suppose 3*b + 345 = 3*i, i - 5*b = -8*b + r. Calculate the remainder when i is divided by 46.
20
Let z(m) = -m**3 - 2*m**2 + 3*m - 2. Let k = -729 - -740. Suppose k*q - 251 - 310 = 0. What is the remainder when q is divided by z(-4)?
15
Let j be -6 + (22/33)/((-2)/(-1161)). Let i = 428 - j. What is the remainder when i is divided by 14?
5
Suppose 2*r - 1147 = 636 + 73. Calculate the remainder when r is divided by 926.
2
Let i(l) be the second derivative of 5/2*l**2 + l + 0 + 3/2*l**3. Calculate the remainder when 81 is divided by i(2).
12
Suppose 10*f + 57 = -33. Suppose a - 4*a - 18 = 0. What is the remainder when 67 is divided by (a/f)/((-2)/(-69))?
21
Let t(x) = 13*x + 72. Let u(y) = -14*y - 79. Let j(m) = 4*t(m) + 5*u(m). Calculate the remainder when 180 is divided by j(-9).
15
What is the remainder when (-5)/(((-989)/(-276))/(-43)) is divided by 52?
8
Suppose -87 - 49 = 4*i + 5*a, 2*i - 4*a + 68 = 0. Let b = -36 - i. Calculate the remainder when 92 is divided by (-54)/b*1 - 3.
20
Suppose -24 = -5*z - a, 2*z + 3*a - 13 = 6*a. Suppose -179 + 274 = z*q. What is the remainder when q is divided by 8?
3
Let u(g) = -2 + 6*g - 7 - 6. Let m be u(6). Suppose 0 = -3*s + 18 + m. What is the remainder when 25 is divided by s?
12
Suppose -5*s - 2*v + 10 = 0, 5*s - v - 28 + 3 = 0. Suppose -s*u - 61 + 285 = 0. Calculate the remainder when u is divided by 29.
27
What is the remainder when 1/(((-80)/(-594480))/((-1)/(-3))) is divided by 10?
7
What is the remainder when 250 is divided by 36 - (4 - 7) - (8 + -7)?
22
Suppose -5*g = -2*x - 2492, 0*g - 1480 = -3*g + 5*x. Suppose 17*l - 18*l = -2*t + 194, -5*t - 5*l = -g. Calculate the remainder when t is divided by 10.
8
Suppose 12710 - 46556 = -6*f - 4*q, -2*f = -5*q - 11263. Calculate the remainder when f is divided by 47.
46
Suppose 3*d + 465 = 4*z, 0*z = z - 5*d - 95. Calculate the remainder when z is divided by (-10744)/(-474) + ((-8)/(-8) - (-10)/(-6)).
10
Let g = -1301 + 509. Let c = -723 - g. Calculate the remainder when c is divided by 35.
34
Suppose -185*i + 107*i + 1472 = 302. What is the remainder when 418 is divided by i?
13
Suppose -35*l + 288 = -91 - 2596. Calculate the remainder when l is divided by 79.
6
Let w(r) = -16*r + 3. Suppose 7*c - 3*u = 3156, 5*c - 8722*u - 2268 = -8721*u. What is the remainder when c is divided by w(-3)?
48
Let c(a) = 2*a**2 + 53*a + 418. What is the remainder when c(-28) is divided by 131?
109
Let p(y) = 13*y - 4*y + 2*y**3 - 3*y - 4*y - 2*y**2 + 3 - 22. Calculate the remainder when p(3) is divided by 9.
5
Let v be ((-2052)/133)/(2/(-28)). Let j = 428 - v. Calculate the remainder when j is divided by 103.
6
Let z = 6 + -3. Suppose -z*i + 200 = 2*i. What is the remainder when (12 + -11 - 7) + 165 is divided by i?
39
Let m(q) be the first derivative of 28*q + 43/2*q**2 - 9 - 2/3*q**3. Calculate the remainder when m(20) is divided by 23.